
5
What is the units digit of 64143509?
9
What is the hundred thousands digit of 276500082?
5
What is the billions digit of 1506162815?
1
What is the thousands digit of 27754642?
4
What is the ten thousands digit of 194348567?
4
What is the hundreds digit of 198200576?
5
What is the hundred millions digit of 335229896?
3
What is the hundred thousands digit of 1757908828?
9
What is the units digit of 1280614351?
1
What is the billions digit of 8274180264?
8
What is the hundred millions digit of 104978718?
1
What is the millions digit of 3729162483?
9
What is the units digit of 96020122?
2
What is the hundreds digit of 294381307?
3
What is the units digit of 5216111?
1
What is the hundreds digit of 1101137713?
7
What is the tens digit of 165025638?
3
What is the tens digit of 169532753?
5
What is the hundred thousands digit of 256180622?
1
What is the hundred thousands digit of 124389013?
3
What is the hundreds digit of 3087855802?
8
What is the units digit of 66154475?
5
What is the ten millions digit of 183642259?
8
What is the thousands digit of 1915998864?
8
What is the ten millions digit of 318157262?
1
What is the units digit of 60894446?
6
What is the units digit of 1469695726?
6
What is the hundreds digit of 1399046643?
6
What is the tens digit of 2195198247?
4
What is the hundred millions digit of 2119802557?
1
What is the hundred millions digit of 643652820?
6
What is the tens digit of 15912667?
6
What is the thousands digit of 309492969?
2
What is the hundred thousands digit of 253081213?
0
What is the ten thousands digit of 1148583931?
8
What is the ten thousands digit of 35700202?
0
What is the tens digit of 4798737856?
5
What is the ten millions digit of 123345724?
2
What is the hundred millions digit of 930828051?
9
What is the hundred millions digit of 1590187707?
5
What is the millions digit of 73027005?
3
What is the units digit of 730532382?
2
What is the ten millions digit of 186677323?
8
What is the hundreds digit of 24078854?
8
What is the tens digit of 65695721?
2
What is the ten thousands digit of 2704303007?
0
What is the hundred thousands digit of 139397842?
3
What is the millions digit of 2676323862?
6
What is the tens digit of 529201635?
3
What is the millions digit of 3560544136?
0
What is the thousands digit of 760957417?
7
What is the ten millions digit of 217354634?
1
What is the billions digit of 2486871633?
2
What is the hundred thousands digit of 971521542?
5
What is the ten millions digit of 23130273?
2
What is the millions digit of 584554883?
4
What is the hundreds digit of 1989725597?
5
What is the ten millions digit of 15987528?
1
What is the billions digit of 1665070144?
1
What is the tens digit of 79129526?
2
What is the hundred millions digit of 1779985170?
7
What is the hundreds digit of 3857162280?
2
What is the units digit of 386907511?
1
What is the hundred millions digit of 802129897?
8
What is the units digit of 64927088?
8
What is the hundreds digit of 1173376?
3
What is the hundred thousands digit of 975234994?
2
What is the ten millions digit of 591278772?
9
What is the thousands digit of 78049092?
9
What is the units digit of 86379695?
5
What is the thousands digit of 7690853676?
3
What is the thousands digit of 446605352?
5
What is the ten thousands digit of 384946021?
4
What is the ten thousands digit of 2175519194?
1
What is the ten thousands digit of 56409371?
0
What is the units digit of 22501553?
3
What is the thousands digit of 1206734823?
4
What is the units digit of 32895286?
6
What is the hundreds digit of 6282599027?
0
What is the millions digit of 3195118632?
5
What is the millions digit of 1421325528?
1
What is the ten millions digit of 179001236?
7
What is the hundreds digit of 77781071?
0
What is the hundreds digit of 10435450?
4
What is the hundred thousands digit of 4408955752?
9
What is the units digit of 1416960329?
9
What is the millions digit of 3283816049?
3
What is the units digit of 44813255?
5
What is the tens digit of 394561260?
6
What is the hundred thousands digit of 2201737793?
7
What is the millions digit of 561473836?
1
What is the thousands digit of 38697707?
7
What is the ten millions digit of 155488692?
5
What is the thousands digit of 21722598?
2
What is the millions digit of 1297149106?
7
What is the ten thousands digit of 2568655727?
5
What is the millions digit of 219272903?
9
What is the hundreds digit of 67487863?
8
What is the tens digit of 399143433?
3
What is the hundred millions digit of 6602023527?
6
What is the millions digit of 32045515?
2
What is the tens digit of 638075860?
6
What is the thousands digit of 1155954982?
4
What is the thousands digit of 1990387461?
7
What is the hundred thousands digit of 2681294551?
2
What is the ten thousands digit of 1696480511?
8
What is the hundred thousands digit of 520769754?
7
What is the units digit of 7295035725?
5
What is the ten thousands digit of 56791393?
9
What is the units digit of 580212165?
5
What is the tens digit of 646944999?
9
What is the ten thousands digit of 7507650005?
5
What is the millions digit of 746345980?
6
What is the units digit of 128779098?
8
What is the ten thousands digit of 23426398?
2
What is the hundreds digit of 7309453660?
6
What is the hundreds digit of 11298910?
9
What is the hundred thousands digit of 566716276?
7
What is the hundred thousands digit of 1197499145?
4
What is the units digit of 3823384081?
1
What is the hundred thousands digit of 425064415?
0
What is the ten thousands digit of 72024212?
2
What is the millions digit of 616943347?
6
What is the units digit of 454248442?
2
What is the millions digit of 232967797?
2
What is the ten millions digit of 50057043?
5
What is the units digit of 4617250?
0
What is the ten millions digit of 332720597?
3
What is the units digit of 361323543?
3
What is the hundreds digit of 7472966083?
0
What is the hundred thousands digit of 51519691?
5
What is the ten thousands digit of 1932597297?
9
What is the thousands digit of 4953774425?
4
What is the millions digit of 3144684525?
4
What is the thousands digit of 28950825?
0
What is the hundred thousands digit of 173762474?
7
What is the billions digit of 4939290861?
4
What is the millions digit of 89413097?
9
What is the thousands digit of 1306918371?
8
What is the ten thousands digit of 188155485?
5
What is the hundreds digit of 2492233186?
1
What is the thousands digit of 48819289?
9
What is the hundred thousands digit of 94386936?
3
What is the tens digit of 47227295?
9
What is the ten thousands digit of 272513358?
1
What is the ten thousands digit of 11138628?
3
What is the hundred thousands digit of 1615666233?
6
What is the units digit of 960513734?
4
What is the hundred thousands digit of 44357276?
3
What is the millions digit of 348665710?
8
What is the units digit of 897173764?
4
What is the ten millions digit of 81645272?
8
What is the tens digit of 79739600?
0
What is the hundred thousands digit of 72936682?
9
What is the hundred millions digit of 130924015?
1
What is the hundred thousands digit of 68691833?
6
What is the millions digit of 2833107497?
3
What is the thousands digit of 216710513?
0
What is the thousands digit of 99674251?
4
What is the thousands digit of 37080666?
0
What is the hundred millions digit of 1029193367?
0
What is the millions digit of 1194110972?
4
What is the thousands digit of 77007994?
7
What is the ten millions digit of 48612481?
4
What is the tens digit of 1256800?
0
What is the tens digit of 152367544?
4
What is the millions digit of 51133985?
1
What is the hundred thousands digit of 201888226?
8
What is the units digit of 324929646?
6
What is the hundreds digit of 483485660?
6
What is the tens digit of 931858290?
9
What is the hundred thousands digit of 1832146637?
1
What is the hundred thousands digit of 54886945?
8
What is the ten millions digit of 37817258?
3
What is the ten thousands digit of 1707219081?
1
What is the thousands digit of 3092696053?
6
What is the ten thousands digit of 839250993?
5
What is the units digit of 372441781?
1
What is the hundreds digit of 839438695?
6
What is the hundred thousands digit of 3437765719?
7
What is the tens digit of 335670357?
5
What is the units digit of 99995247?
7
What is the ten mil